/6 - 13*c**2/2 + 9*c. What are the prime factors of l(-6)?
101
Suppose 21 = 2*i + 13. What are the prime factors of (-376)/(-4)*2/i?
47
Let c(w) = -603*w - 34. What are the prime factors of c(-3)?
5, 71
Let f(l) = l**3 + 10*l**2 + 25*l - 2. List the prime factors of f(11).
2, 3, 7, 67
Suppose -p + 12 = 3*s, -5*p = -2*s + 10 - 2. Suppose -19*m + 16*m + 399 = p. What are the prime factors of m?
7, 19
Let z(d) be the second derivative of -d**5/20 + 2*d**4/3 + 5*d**3/3 + 2*d**2 + d. Let p = 348 - 339. List the prime factors of z(p).
13
Suppose -v - 18 = -2*n - 6, -4*v - 28 = -4*n. Let g be v/(-2 - -1) + 159. Suppose 3*l - 2*i + i - 124 = 0, 4*l - g = -3*i. List the prime factors of l.
41
List the prime factors of ((-70)/9 - -8) + 3380/18.
2, 47
Let p = -92 + 144. Suppose -2*i - s + 5 = 0, 15 = 4*i + 4*s + 3. Suppose -i*b - 16 = -p. What are the prime factors of b?
2, 3
Suppose 0 = 6*l - 1747 + 319. What are the prime factors of l?
2, 7, 17
Suppose 3*m + 2 = 35. Suppose 5*a = y + m, 6*y = 3*a + 3*y + 3. Suppose a*i - 169 = -2*v, 2*v - 108 - 71 = -5*i. List the prime factors of v.
7, 11
Suppose -l + 4*q - 12 = -0*q, 0 = -l - 4*q + 12. Suppose -a + 4 = -3*a + 4*z, -5*a + 3*z - 45 = l. What are the prime factors of (6/(-4))/(2/a)?
3
Let y = -68 + 23. Let n = y - -114. List the prime factors of n.
3, 23
Let t = 2 - -3. Suppose 0 = -t*s + l - 20, 5*l + 2 - 6 = s. Let x = s + 7. List the prime factors of x.
3
Let k(h) = 6*h**2 + 16*h + 6. What are the prime factors of k(-9)?
2, 3, 29
Let d be 2/(-4)*2 + -3. Let p(g) = -3 + 0 + g**3 + 6*g**2 + 4. List the prime factors of p(d).
3, 11
Let t = 0 + 2. Suppose u + 4*y = 2*y - 2, 3 = -4*u - 3*y. Suppose 3*j = u, -2*j - t*j + 19 = r. What are the prime factors of r?
19
Suppose -3*r - 3 = -p + 2, -4*r - 3 = -p. List the prime factors of (-4 + p)/(2/12).
2, 3, 7
Let k(q) = 41*q**2 + 7*q + 15. List the prime factors of k(-3).
3, 11
Suppose 5*l + 2*b = 1982, -2*l + 4*b = -5*l + 1192. What are the prime factors of l?
2, 3, 11
Suppose -3314 = -2*x + 286. What are the prime factors of x?
2, 3, 5
Let d(h) = 0*h**2 + 2*h**2 - 1 - h**2 - 4*h. List the prime factors of d(10).
59
Let w(f) = f**3 + 6*f**2 - 20*f - 11. Let i be (-225)/27 + 2/6. List the prime factors of w(i).
3, 7
Suppose -3*g + 0*g + 12 = 0. Let n be 15/10 - (-42)/g. Suppose -w - n = -2*w. List the prime factors of w.
2, 3
Let f be 478/4 + 4/8. Suppose -5*u + 5*m = -f, 7 = -4*m - 13. Let w = -4 + u. List the prime factors of w.
3, 5
Suppose 230 = -5*p - i, -2*i + 138 = 2*p - 5*p. Let v = p + 93. Suppose 2*u - u = v. List the prime factors of u.
47
Suppose 0 = 4*k - 283 - 981. Suppose -1816 = -6*z - k. What are the prime factors of z?
2, 5
Let y = -1006 - -1496. What are the prime factors of y?
2, 5, 7
Let r be (-4)/(123/(-30) + 4). Let p = r - 21. Suppose -5*l = -3*l + 5*i - p, 5*l - 39 = -4*i. What are the prime factors of l?
7
Suppose -90 = -3*l + 3*f, -f + 180 = 3*l + 2*l. Suppose 0 = i + 3*w + l + 127, 0 = i + w + 162. Let g = -94 - i. What are the prime factors of g?
2, 17
Let s(w) = -w**3 + 16*w**2 + 20*w + 5. Let l(a) = -2*a**3 + 32*a**2 + 40*a + 10. Let c(f) = -2*l(f) + 5*s(f). List the prime factors of c(17).
2, 7
Suppose -140 = -0*x - 5*x. Let h be (-6)/(-14) + 44/x. Suppose a = -h*a + 15. What are the prime factors of a?
5
Suppose 7 = 3*i + k, 2*i + 25 = 7*i - k. Suppose 4*q - i = 2*q. Suppose 0*c + q*c - 12 = -n, 0 = 5*n. List the prime factors of c.
2, 3
Let q be ((-3)/6)/((-1)/780). Let o = -265 + q. What are the prime factors of o?
5
Suppose -61*k + 101*k - 136680 = 0. List the prime factors of k.
3, 17, 67
Let j = -10 - -18. Suppose j = m - 2*m. What are the prime factors of 39/(-2)*m/12?
13
Let h = 2609 - 1538. List the prime factors of h.
3, 7, 17
Let p(q) = -849*q - 253. List the prime factors of p(-3).
2, 31, 37
Suppose -38190 = 9*b - 39*b. What are the prime factors of b?
19, 67
Suppose -5*i = 4*d - 5*d - 365, 2*i = d + 143. Suppose -r - 800 = -5*g, -714 = -4*g + 4*r - i. List the prime factors of g.
2, 5
Let r = -17 + 20. Let t be 6/(-18) + 10/r. Suppose h = 3*i - t*h - 113, -i + 6 = 5*h. What are the prime factors of i?
31
Let k(w) be the third derivative of w**4/12 - 4*w**3/3 - w**2. Let t be k(6). Suppose -t*r + 9 = -r. What are the prime factors of r?
3
Let h = 472 - -723. Suppose 0 = -3*c - 4*a - a + h, 0 = 4*c + a - 1565. Suppose -4*t - j + 297 = 0, -3*j = -4*t - 113 + c. What are the prime factors of t?
73
Suppose 12 = -3*q + 2*q. List the prime factors of (-1)/2 - 474/q.
3, 13
Suppose -4*b - 5*a + 2285 = 0, -567 = -b - 0*b + 3*a. What are the prime factors of b?
2, 3, 5, 19
Suppose -v + 4896 = 8*v. Suppose -d - v = -9*d. List the prime factors of d.
2, 17
Suppose 6*o = 3*o + 123. Let s = 6 + -4. Suppose -y + o = s. What are the prime factors of y?
3, 13
Let a(t) be the second derivative of -t**4/12 + t**3/6 + t**2/2 - 5*t. Let h be a(3). Let u(s) = s**3 + 6*s**2 + 2. What are the prime factors of u(h)?
3
Suppose -p + 2*z = -3*z - 1012, 5*p - 2*z - 5083 = 0. What are the prime factors of p?
3, 113
Let y(s) = -5*s**3 + 103*s**2 + 17*s + 22. What are the prime factors of y(20)?
2, 11, 71
Let s = 6 - 165. List the prime factors of (s + (-2 - 0))*-1.
7, 23
Let n = 53 + -51. Suppose -k + n*b + 126 = -b, 4*b + 472 = 4*k. List the prime factors of k.
2, 3, 19
Let q = -16 - -21. Let f(g) = 2*g**2 + 19*g + 3. Let v be f(-14). Suppose -q*s = 9 - v. List the prime factors of s.
2, 3
Let w = 405 - -40. List the prime factors of w.
5, 89
Let q(d) = d**2 - 4*d + 1. Let h be q(4). Suppose 4*r - 63 = -l, l + 4 = -h. Suppose -4*c = 3*t - 118, -5*c = -3*t - r + 126. What are the prime factors of t?
2, 19
Let k(j) = j**2 + 6*j + 7. Let m be k(-5). Let h(p) = -3*p + m*p**3 + 6 + 8*p**2 + p - p**3. List the prime factors of h(-8).
2, 11
Suppose f + 65 = 2*s, -4*f + 5*f + 70 = 3*s. What are the prime factors of (-3*f/60)/((-1)/(-28))?
7, 11
Let m(u) = u**3 - 33*u**2 + 30*u + 86. List the prime factors of m(32).
2, 11
Suppose 9*z + 439 = 10*z. Suppose 4*n - 4*f - 93 - z = 0, -5*n + 710 = 4*f. What are the prime factors of n?
2, 3, 23
Let x(q) = 69*q**2 - 2*q + 1. Let b be x(-2). Let g = b + -174. List the prime factors of g.
107
Suppose 4*i - 20 = -d, 2*i + 2*d - 10 = 5*d. Suppose -318 - 167 = -i*m. List the prime factors of 4/(-10)*(2 - m).
2, 19
Suppose 23*x = 24*x - 1697. What are the prime factors of x?
1697
Let j(o) = -22*o - 48. Suppose -7*x = 8 + 76. List the prime factors of j(x).
2, 3
Suppose z - 118 = -z. Let v = z - 34. List the prime factors of (220/v)/((-4)/(-10)).
2, 11
What are the prime factors of ((-8021)/65)/((-1)/5)?
617
Suppose 30*b - 15529 = 65051. What are the prime factors of b?
2, 17, 79
Let g = -1049 - -2407. List the prime factors of g.
2, 7, 97
Let d = -2 + 8. Suppose 0 = -4*m + 78 - d. List the prime factors of m.
2, 3
Let s(r) = -r**2 - 14*r - 12. Let d be s(-9). Suppose 0 = 3*o - 231 - d. What are the prime factors of o?
2, 11
Suppose 1391 = -11*d + 6165. What are the prime factors of d?
2, 7, 31
Suppose -46*n + 4699 = -20279. What are the prime factors of n?
3, 181
Let w(l) = -2*l**3 - 12*l**2 - l - 7. Let o be w(-6). Let h be (-36 + (-2 - o))*-1. Suppose -2*p - 11 + h = 0. What are the prime factors of p?
13
Let d(a) be the third derivative of -a**4/6 - 3*a**3 - a**2. Let g(m) = -8*m - 101. Let y be g(-12). What are the prime factors of d(y)?
2
Suppose h + 1037 = 5*o, -200 - 15 = -o + 4*h. List the prime factors of o.
3, 23
Suppose -16378 + 43306 = 44*f. What are the prime factors of f?
2, 3, 17
Suppose -4*l = -5*v + 148, -4*l - 27 = -v - 7. Suppose 2*m - v = -2*i + 5*i, 10 = -5*i. What are the prime factors of m?
13
Let p(j) = -12*j + 4 - 12 + 1. List the prime factors of p(-5).
53
Let p(y) = -3*y - y**2 - 3*y - 1 - 11*y. What are the prime factors of p(-11)?
5, 13
Suppose -q = -7*k + 2*k - 410, -q + 4*k + 413 = 0. What are the prime factors of q?
5, 17
Suppose -2*t + 18 = -0*t. Let d be t - (4 + (-3)/3). Suppose 140 = 10*c - d*c. What are the prime factors of c?
5, 7
Suppose 0 = -7*o + 12*o - 825. List the prime factors of o.
3, 5, 11
Let l(c) = -c**3 + 7*c**2 + 4*c + 9. Let p be 4*((2 - 4) + 0). Let q be (p + 9)/(2/10). What are the prime factors of l(q)?
79
Let a(v) = 8*v + 1 - v - 2. Let c = -5 - -10. List the